 = z + 152. Let w(o) = o**2 + 9*o + 3. Give w(c).
-11
Let p(x) = -3*x + 1513 - 2*x**2 - 4*x - 743 - 717. What is p(4)?
-7
Let f(k) = -4*k + 28. Let n be f(8). Let o(x) = -x**3 + 7*x - 38120*x**2 + 5 - 4*x + 38116*x**2. Determine o(n).
-7
Let q be (-18)/(-7)*(333/(-18) + 8). Let o(p) = -6*p - 46. What is o(q)?
116
Let k(n) be the second derivative of n**5/20 - n**3/6 - n**2 + 3670*n. Let f(v) = -v**3 - 5*v**2 - 5*v - 6. Let w be f(-4). Determine k(w).
-8
Let b(j) = -j**3 + 11*j**2 - 5*j - 44. Let x be b(10). Let d(c) = -1 - 3 + x - 18*c - 3. Determine d(1).
-19
Let h(d) = 11*d - 4. Let u(c) = -6*c**2 + 91*c - 19. Let r be u(16). Let x = r - -95. What is h(x)?
-48
Let d(x) = -7*x + 2. Let o(b) = -b + 1. Let l(m) = d(m) - 6*o(m). Let w be 185/(-105)*3 + (-2)/(-7). What is l(w)?
1
Let y(l) be the first derivative of l**4/4 + 8*l**3/3 + 5*l**2 + 3*l + 920. Give y(-7).
-18
Suppose 5*r + 10 = -c - 8, 0 = 3*r + 12. Let w(d) be the second derivative of 0 + 0*d**c - 22*d + 5/6*d**3. Give w(-2).
-10
Let d(x) be the second derivative of x**5/20 + 15*x**4/4 + 22*x**3/3 + 5*x**2/2 - 1361*x. Calculate d(-44).
5
Suppose 14*b - 54632 = 27702. Let f(d) = -b*d**2 + 4*d + 5885*d**2 + 10 + d**3 - 5. Give f(-4).
-11
Let g(j) = 5*j**2 - 134*j - 10. Let r be g(27). Let q(i) = 16 - i**2 + 14*i + 21 + 5. Let f be q(r). Let b(o) = o**2 + 10*o. Determine b(f).
-9
Let q(t) be the third derivative of 0 - 17*t**2 + 0*t + 1/6*t**3 - 1/12*t**4 - 1/60*t**5. Suppose -2*p + 12 = -5*p. Determine q(p).
-7
Let u(i) = 15*i**2 - 68*i - 96. Let s(f) = -f**2 + 3*f + 4. Let v(m) = -16*s(m) - u(m). What is v(-19)?
13
Let d(h) be the second derivative of -h**5/20 - 5*h**4/12 + h**3 - 3*h**2/2 - h. Let x = -47 + 32. Let l(z) = -z**2 - 15*z - 6. Let n be l(x). What is d(n)?
-3
Let t(g) = 3*g + 90. Suppose -4*b = 2*c + 112, 5*b = -c - 139 - 4. Let w be t(b). Let o(f) = -2*f - 1. Determine o(w).
-7
Let d(b) = -2*b + 1157*b**3 + b**2 + 2 - 579*b**3 - b - 577*b**3. Calculate d(-3).
-7
Let u = -1035 - -1026. Let a(s) = s + 10. Calculate a(u).
1
Let s(n) = -9*n + 293. Let u = -32017 + 32050. Give s(u).
-4
Let j(s) = -11*s + 233. Let l be j(21). Let x(t) be the first derivative of 17 - 3*t - 4/3*t**3 + 3/2*t**l. What is x(2)?
-13
Let x = 37 + 430. Let q = -471 + x. Let s(c) = -c**3 - 3*c**2 + c - 3. Calculate s(q).
9
Let s(t) be the third derivative of t**6/180 - t**5/120 + 11*t**4/24 - t**3/6 + 100*t**2. Let o(g) be the second derivative of s(g). Determine o(-1).
-5
Let u(j) = -3*j**3 + 2*j**2 + 5*j + 2. Let a be u(-2). Let c be -1*1 + a/6. Let y(z) = -8 + 4 + z**2 - 45*z + 45*z. Determine y(c).
5
Let a(q) be the third derivative of q**6/360 - q**5/30 - q**4/6 - 5*q**3 + 2*q**2 + 50*q. Let t(d) be the first derivative of a(d). Let u = -3 - -10. Give t(u).
17
Let v be (-1503)/(-54) - 3/(-18). Suppose 151 + 101 = v*y. Let x(u) = -2*u + 13. What is x(y)?
-5
Let x(s) be the third derivative of s**7/56 + s**6/360 + s**5/120 + 21*s**3/2 - 14*s**2 - 2*s. Let c(u) be the first derivative of x(u). Give c(-1).
-15
Let t(f) = 3*f - 53. Let b(d) = -d + 55. Let a(w) = -14*b(w) - 12*t(w). Give a(-6).
-2
Let a(m) be the first derivative of m**4/4 + 19*m**3/3 - 7*m - 3447. Determine a(-19).
-7
Let a(g) = 10*g**3 + 9*g**2 - 10*g - 15. Let o(j) = -3*j**3 - 3*j**2 + 3*j + 5. Let z(c) = -2*a(c) - 7*o(c). Let d be 18/(-4) + 2 + (-3)/2. Calculate z(d).
-17
Let j be 16*((-5)/(-14))/((-32)/(-112)). Let b(s) = j*s**2 + 9 + 157*s - s**3 - 161*s - 14*s**2. What is b(6)?
-15
Let b(q) = -q**2 - 11*q - 16. Suppose -67*j = -65*j - 218. Suppose 35 = -12*a - j. Calculate b(a).
-28
Let j(d) be the first derivative of 1/3*d**3 - 3/2*d**2 - 112 + 5*d. Give j(5).
15
Let m(y) = y + 9. Let s be m(-6). Let c(t) = s*t + 2*t + 0*t - 6*t + 4 + 0*t. Give c(6).
-2
Let j(g) = 17*g - 4. Let q be (-3 - 24/(-21)) + 2 - (-88)/(-77). Calculate j(q).
-21
Let q(f) = 44*f**2 + 39*f + 59. Let j(t) = -29*t**2 - 32*t - 59. Let l(c) = -3*j(c) - 2*q(c). Calculate l(24).
-85
Let x(c) = -c**2 - 42*c**3 + 8 + 11*c**2 + c**2 + 41*c**3 - 3*c**2. Give x(8).
8
Let r(d) = 2*d**3 - 10*d**2 - 7*d + 16. Let m(z) = -z**3 + 5*z**2 + 5*z - 8. Let y(p) = 7*m(p) + 4*r(p). Calculate y(6).
86
Let m = 5305 - 5298. Let z(x) = x**2 + x - 44. Calculate z(m).
12
Let j(p) be the third derivative of 0*p + 7/60*p**5 + 1/12*p**4 - 1/6*p**3 - 2*p**2 - 8. Determine j(-2).
23
Let u(d) = -5*d + 6*d + 5*d**3 + 9*d**3. Suppose 0 = -42*s + 156 - 114. Calculate u(s).
15
Suppose -3*c - 8 + 20 = 0. Suppose c - 13 = -3*f. Let i(o) = -5 + 5*o**2 - 4*o**2 - 4*o + 8. Calculate i(f).
0
Let u(s) = 24*s + 84. Let m = -9065 + 9062. Calculate u(m).
12
Suppose 0 = 5*g + 4*x + 14, 3*g - 2*x + 3 = -1. Let k(t) = 2 + 83*t**3 - 4 + 5 + 2*t**2 + 3*t - 42*t**3 - 40*t**3. What is k(g)?
-3
Let b(n) be the third derivative of -n**6/120 - 7*n**5/60 + n**4/3 + 3*n**3/2 - 965*n**2. Calculate b(-7).
-47
Suppose 4*w - 11 - 9 = 0. Let j(b) = 75*b**2 + 85*b - 6. Let n(i) = 182*i**2 + 207*i - 15. Let o(v) = 17*j(v) - 7*n(v). Determine o(w).
8
Let y(s) = 5*s - 1. Suppose -5*d - 56 = 254. Let w = -59 - d. Suppose -5*c + 19 = -w*p, 3*c + 5*p - p = -6. Calculate y(c).
9
Let j(q) = q**2 + 12*q + 4. Let k be j(-12). Suppose -k*a = 0, -11*d + 5*a = -12*d + 2. Let n(g) = -g**2 + g - 1. Determine n(d).
-3
Let i(m) = -m**2 + 7*m + 6. Let g be (0 + (-4)/8)*2. Let t be (-17)/3 - (g + 3/9). Let p be 215/25 - (9/t)/(-3). What is i(p)?
-2
Let c(w) = w**2 + 11*w + 15. Let s = -39 + 39. Suppose s = 9*j + 101 - 20. Calculate c(j).
-3
Let f(w) = 722*w + 727*w - 2178*w + 25 + 723*w. Give f(10).
-35
Suppose g = 2*g - 2*j - 1, g = 5*j - 11. Let d(i) = i**2 - 2*i**2 + g*i + 25 - 20. Calculate d(10).
-5
Suppose -2*b + 23 - 51 = 0. Let r be b/6 + (84/18)/(-7). Let q(k) = -3*k - 3 - 2*k**2 + 3 - 2. What is q(r)?
-11
Let j(d) = 25710 + 7*d - 51410 + 25706. What is j(0)?
6
Suppose -6*o = 46 - 34. Let b be ((-33)/o)/(-11)*-6. Let d(i) = i**3 - 8*i**2 - 10*i + 12. Determine d(b).
3
Let n be (-33)/(-7) - (-4)/14. Let b be 474/1185 + (-1 - (-9553)/5). Let f(c) = -7*c - 1905 + 14*c - c**2 + b. Give f(n).
15
Suppose 34*y - 36*y = 4*k + 32, y + 4*k = -28. Let a(d) = -3*d**2 - 22*d - 43. Calculate a(y).
-3
Suppose -3*c - 3 = 3*o, 3*c + o = -c + 5. Let r(m) = -16*m**3 + 2*m**2 + m**c + 15*m**3. Determine r(3).
0
Let b(g) = 6*g - 4. Let o(w) = 11*w - 8. Let z(v) = 5*b(v) - 3*o(v). Suppose 0*h - 27 = -3*h. Suppose -13*s + 10*s + h = 0. Determine z(s).
-5
Let u(m) = -m**2 - 13*m - 35. Let h(d) = -27*d + 175. Let y be h(16). Let t = -265 - y. Calculate u(t).
5
Let s(q) be the first derivative of 2*q**3/3 + 2*q**2 - 15*q + 4201. What is s(-4)?
1
Let w(r) = 46*r + 7. Let i(p) = 374*p + 56. Let v(h) = -2*i(h) + 17*w(h). Calculate v(-3).
-95
Let d(r) = r**2 + 32*r + 244. Let c be d(-14). Let b(h) = h**3 + 11*h**2 + 23*h - 4. Calculate b(c).
4
Let f = 6591 + -6597. Let g(y) = y**3 + 7*y**2 + 4*y + 3. Determine g(f).
15
Let h(i) = -i**3 - 7*i**2 + 4*i + 4. Let p be (20/(-4))/5 + (10 - -1). Suppose 0 = -p*k + 6*k - 28. Determine h(k).
-24
Let o(i) = -48*i - 7. Let h(c) = 81*c + 15. Let d(x) = 3*h(x) + 5*o(x). Give d(7).
31
Let f(w) = -4*w**2 + 10*w + 50. Let b be f(5). Let k(j) = -j**3 + j**2 + j - 1. Let u(n) = -n - 1. Let l(z) = k(z) + u(z). Give l(b).
-2
Let q(z) be the third derivative of z**7/2520 - z**6/60 - 3*z**5/20 + z**2. Let u(s) be the third derivative of q(s). Suppose 143 + 81 = 28*m. Determine u(m).
4
Let i(f) = -f**3 + 5*f**2 + 7*f - 8. Let p be i(6). Let n = 580 - 577. Let d(m) = 1459*m**3 - 3 - m**2 - 727*m**3 - 4*m - 733*m**n. What is d(p)?
9
Suppose 22*g - 59*g - 100 = 63*g. Let o(q) = 70*q**2 + 3*q + 2. Calculate o(g).
69
Suppose -2*d - 2*n - 6 = 0, 2*d - 235*n + 22 = -233*n. Let f(g) be the first derivative of -g**2/2 - g - 6. Calculate f(d).
6
Let k(w) = -5*w + 6. Let x(q) = -q + 20. Let h be x(18). Let d(o) = o - 3. Let a(p) = h*d(p) + k(p). Let t be 2 + -2 - (-1 + 0). Determine a(t).
-3
Let p(q) be the third derivative of -q**4/24 - 7*q**3/3 + 986*q**2 + q. What is p(-6)?
-8
Let f = 55/6 - 53/6. Let t(u) be the second derivative of 0*u**2 + f*u**3 + 19*u + 0. Calculate t(5).
10
Let y = 175 + -162. Let u(l) = 5*l - y + 9 - l - 3*l. What is u(5)?
1
Let b(o) = 20*o**2 + 2*o - 2. Let w be b(1). Suppose 14*m - w = 18*m. Let v(k) = 7 - 10 - 